2.
-2
What is -286 + 282 + ((-4 - -4) + 20 - 5)?
11
What is the value of 4 + (20 - 23 - 9 - (5 + -2)) + -47?
-58
Evaluate -71 + 47 + -17 - -21.
-20
0 + -3 + (-19 - -3) + -5 + 29 + -25
-20
Evaluate (-5 - (-1 + 11 + -27)) + -2 + -18.
-8
What is (36 - 4) + (-60 - 0)?
-28
(2 - 2) + (41 - (21 - 10) - 51)
-21
Calculate 38 - (102 - (-44 + (42 - 46))).
-112
What is -14 + 9 - -14 - (-88 - (-5 + -12 + 11))?
91
What is the value of -33 - (10 + -11 - 8 - (3 - (-3 - -4)))?
-22
Calculate 9 + -4 - ((-43 + 20 - -18) + 115).
-105
-9 - ((-6 - -7) + -2 + (2 - 43) + 21)
12
What is -16 - (-15 + -1) - (7 - 10) - -100?
103
-12 + 82 + -7 - (-1 - 3) - (116 + -123)
74
Evaluate -13 + (26 - ((3 - (-15 - -14)) + -5)).
14
Evaluate 50 + 45 + -120 + -30.
-55
What is 0 - 38 - (138 + -71 + -227)?
122
What is (40 - (-33 + 43 + -21)) + (-3 + 3 - 9)?
42
-350 + 365 - (4 + -7 - -3)
15
Calculate 3 + (10 - 7) + 0 + -10 + 2 + -3.
-5
Evaluate (37 + 21 - 30) + -5.
23
Calculate (-2 - (8 + 6) - -2) + (-61 - -68) - 17.
-24
Calculate -53 + (28 - -30 - 61).
-56
What is the value of (25 - 0) + -21 + 11 + -4 + 7 + 9?
27
-49 - (4 + -1 - 1 - (22 + -35 + 3))
-61
What is the value of 60 - (-15 - (23 + -52))?
46
Evaluate -59 - (-60 + 99 - 98).
0
Evaluate 4 + 83 + -56 + -4 + 11.
38
(82 - 36) + -11 + (-4 - -9)
40
What is the value of 35 + -23 - 38 - (13 - 6)?
-33
-5 + -23 + 68 + -61 - ((1 - 1) + -6)
-15
3 - ((10 - 16 - -51 - -10) + 8)
-60
What is the value of -22 - -13 - 15 - -21 - (7 - 84)?
74
What is the value of (50 - (5 - -48)) + (100 - 0 - 3)?
94
(-125 - -119) + 7 + (1 - 2) + -38
-38
What is the value of 55 - (-21 + 71 + 15)?
-10
Evaluate (-30 - -15) + (-5 - -9) + -4 + 11 + -10.
-14
Evaluate 11 + -12 - 0 - -24 - -18.
41
Calculate 18 + -1 - (85 - (240 + -137)).
35
Evaluate -86 + 5 + -34 + 72.
-43
What is 52 + 2 + -18 + 7 + 2?
45
9 + (-7 - (-16 - -17)) + 80 - 14
67
What is the value of 23 + -16 + (5 - 5) + -6?
1
Evaluate 9 - (9 + (16 - -14 - 122)).
92
What is -369 + 346 + (105 - 3) + 1?
80
Calculate -6 - (-34 - -5) - (349 - 334).
8
What is the value of 35 + (7 - (-9 + 5 + (-4 - -5) + 7))?
38
What is 19 + -21 + 18 - (84 - 25)?
-43
What is -2 + 32 + (45 - -92) + -112?
55
-23 + 105 + -100 + (35 - 0)
17
What is the value of -1 + 79 - (49 + (24 - (25 - -33)))?
63
What is -62 - -44 - (-28 - (-74 + 6))?
-58
What is 7 - 8 - -5 - (15 + -5) - (3 + -19)?
10
What is -44 - (43 + -16 + -44 - (0 + -11))?
-38
What is -6 - 7 - (35 - (34 - -13)) - 76?
-77
Calculate 54 - (-47 - -96) - 0.
5
Calculate -18 + -1 + 92 + -25 + -20 + -20.
8
What is (-1 - -4) + 0 - (-52 + -10 + 8 + 39)?
18
What is (-1 - (105 - 4)) + (-20 - -5) + 29?
-88
What is the value of 73 - (18 + (-1 + -8 - -16) - 21)?
69
(-5 - -10 - 29) + -107 + 111
-20
What is -6 - -6 - (9 + -7 - 7) - (26 - 2)?
-19
Evaluate 0 + 1 + -2 - (-27 + 37 - -46) - -1.
-56
Calculate 0 + (2 + 5 - -2) - (219 - 206).
-4
Evaluate -65 + (-11 - -76) - -24.
24
Evaluate -70 + -39 + 65 - -50.
6
Evaluate -54 + 70 + 54 + -90.
-20
(-3 + -18 + -19 - -18) + -5
-27
271 + -190 - 74 - (2 + 15)
-10
Calculate 16 + -2 + 2 + -5 - (27 + -7 + 18).
-27
Evaluate (1045 - 1008) + -2 + 8 + -108.
-65
What is 123 - 189 - (7 + 5 + -11)?
-67
What is the value of 26 + -93 - -56 - (45 - 1)?
-55
What is -17 + 25 - (-10 - (10 + -9 + -17))?
2
-14 + -9 + (54 - -8)
39
Calculate (-11 + -1 - (30 + -58 + -24)) + 1 + 3.
44
13 + (-115 - -50 - 17)
-69
What is the value of -1 - -107 - (-37126 - -37369)?
-137
What is 3 - (-12 + (-1 + 5 - 11) + 59)?
-37
-41 - 0 - (-13 - (-27 - -43))
-12
What is 77 + -139 + 63 + -81?
-80
Calculate 74 - (-67 + 41 + 77).
23
What is the value of 8 + (68 + -3 - (53 + -59)) - -2?
81
Calculate 2 + 0 + (-69 - -42 - -35).
10
Evaluate 1 + 48 - (1831 + -1822).
40
What is the value of 54 - 66 - (-21 + 1) - (2 + 0 - -29)?
-23
Calculate 155 - (114 - (-61 - 119)).
-139
Evaluate -21 + (-55 - -26) + -2 + 20.
-32
-72 + 109 - 132 - -71
-24
What is -33 + 5 + (83 - 87)?
-32
6 + -52 + (29 - -51)
34
Evaluate (0 - (2 + -6 + 7 - -39)) + -1.
-43
What is the value of 13 + (35 + -45 - (-1 + -27))?
31
What is the value of 8 + -16 + (25 - 5) - 8 - (3 + -32)?
33
What is the value of (2 - (-7 + 6)) + (-45 - -25)?
-17
Calculate -124 + (-80 - -86) + 31.
-87
Evaluate -1 - (-21 - ((13 - 11) + -25)).
-3
(999 - 1009) + -1 + -61
-72
Calculate 2 + (1 + -2 - -3) + (-72 - -64 - -93).
89
Calculate 90 + (45 - 50) + 40.
125
-51 + 103 + -88 + -16
-52
What is the value of 277 - 256 - ((7 - (-3 - -7) - 1) + 6)?
13
Calculate -33 - (137 + (159 - 462)).
133
(15 - 1) + -63 + (11 - 5) + (-9 - 1)
-53
What is the value of 29 - (48 - -18 - 22)?
-15
What is the value of 170 - (264 - 97) - (47 - (0 + 0))?
-44
What is the value of (27 - (-2 + 5)) + (-110 - (-169 + 148))?
-65
What is the value of -69 + 62 + 4 + 8?
5
(-1 - -16 - (201 - -5 - 31)) + -13 - -16
-157
What is -1 + 1 + 4 + (33 + 15 - (-15 + 18))?
49
What is the value of -10 + (-6 - -29 - 1) + (40 - 1)?
51
Evaluate 27 - 45 - -27 - (-1 - -30) - 1.
-21
Calculate (1 + 9 + 5 - (-35 - 12)) + -5.
57
What is -2 + 8 + (108 - 101) - (18 - 0) - 8?
-13
What is the value of -4 + 4 + -12 - (-41 - -13)?
16
What is the value of -4 + (140 - ((49 - 41 - (6 + 0)) + -7))?
141
What is the value of ((1 - -9) + -42 + 34 - -7) + -111 + 48?
-54
6 + 42 + -19 - 59
-30
What is -43 + 2 - (716 + -763)?
6
What is 149 + -111 + (0 - -10) + (8 - 1) + -10?
45
What is the value of (71 - 578) + 491 + (-18 - (1 - 0))?
-35
What is the value of (55 - (39 - -6)) + -20 + (1 - -10)?
1
What is the value of 38 + 37 - (8 + 3 - (0 + -3 + 2))?
63
Calculate -2649 + 2676 - (1 + 101 + 3).
-78
Calculate 87 + -74 + -35 + -67.
-89
What is (-5 - (-10 + (3 - (7 + -107)))) + 8?
-90
Evaluate 18 + (-29 - -30 - -68 - 23).
64
Evaluate 18 - ((-19 - -15) + (-18 - (7 + -23 - -8))).
32
What is the value of 22 - ((22 - (-19 - (-38 - 5))) + -2 + -2)?
28
-95 + (109 - 11) + 1 + -44 + 19
-21
Evaluate 13 + (-3 + 4 - 161) + 6.
-141
What is the value of 73 - (-3 + 86 + -46)?
36
(-1 - (1 - 2 - -9)) + (360 - 396) - 9
-54
Calculate 12 - (-34 - (-34 - 110 - -38)).
-60
What is 13 + (8 + (-11 - -8) - (-5 + -1))?
24
What is 470 - 476 - (0 - ((8 - 6) + (-2 - -1)))?
-5
8 - (3 + (13 - 5) - -1) - (1 - 11)
6
What is 129 - (67 - -56) - (-36 - -1)?
41
Evaluate 21 - (24 + (7 - 15)) - 6.
-1
Calculate (-11 + 37 - -9) + -43.
-8
What is -483 + 602 + 1 + -18?
102
Evaluate (165 - (186 - 35)) + 0 + 3.
17
What is the value of (27 - (19 - (9 - 3))) + 20?
34
Calculate -3660 + 3674 - (1 + -31).
44
Evaluate -19 - 4 - (-7 + -24) - -10.
18
Calculate (1 - 68) + -1 + 5 + (-10 - -17).
-56
Evaluate -190 + 199 - (-1 - (1 - 14)) - (-42 + -2).
41
Evaluate 8 + 49 + -38 + (4 - (15 + -6)).
14
What is -1102 + 1096 - ((-34 - -1) + (-1 - 0))?
28
Evaluate 0 - -27 - (-85 - (-114 - -6)).
4
Evaluate -60 + 129 + -64 + (-11 - -1) - -34.
29
Calculate (1 - 18) + 209 + -146.
46
Evaluate 43 - 3 - (-26 - -17) - 4.
45
Evaluate -13 + 14 + (16 - -10) - 87.
-60
What is the value of 2 + -15 + -3 + (-79 - -71)?
-24
What is the value of (-79 - -98) + -199 + 118?
-62
What is the value of (1 + -18 - -18) + 21 + -22?
0
Evaluate (10 - 2) + (12 - (23 - 33)).
30
Calculate -15 - (16 - 8) - (13 + -20).
-16
Calculate 7 - ((5 - (3 - -2 - -25)) + (3 - -4)).
25
What is the value of -1 + 2 - 7 - (-2 - (-1 - (-6 - -8)))?
-7
What is the value of 1 - (-4 + 12 + -12) - (83 + -63)?
-15
Calculate (14 - (2 - (-17 + 7))) + -45.
-43
Calculate 69 - (-1 + (-13 - (-3 + 5)) + (-225 - -240)).
70
What is the value of -2 + (-15 - 2 - -52) - 21?
12
Calculate -57 + 7 - (12 - 64).
2
What is -38 + -51 + 51 - (-1 + -4)?
-33
Calculate 22 - 65 - -32 - 12.
-23
What is -60 + (29 - (-55 + -17))?
41
Evaluate 50 - (-206 + 122 + 241).
-107
Evaluate (54 - (-3 - -1)) + 2 + (-223 - -103 - -122).
60
What is (14 + 4 - (48 + -9)) + -15?
-36
28 + (-1 - (-2 + 17)) + -1860 + 1861
13
(13 - -14) + -34 - (4 - (7 + 47 + -6))
37
What is the value of (0 - -16) + (-991 - -977 - (1 + 28))?
-27
1 - 27 - (3 - (-11 + (12 - 15)))
-43
What is the value of (30 - (13 + -31 - -31)) + -3?
14
What is the value of 29 + -5 + -28 + 39 + -36?
-1
What is 32 + (-40 + (16 - 100) - -23)?
-69
0 - (2 + -14 + -9 + -2 + 17)
6
What is the value of 7 - ((51 - (-1 + 2)) + -2) - 7?
-48
Calculate -176 - -188 - (13 + (3 - 6)) - (-36 + 2).
36
-2 - -18 - (-208 + 147 + 82 + -7)
2
Calculate 80 + (-79 - 92